32. Let r(u) = u**2 + 10*u - 9. What is r(a)?
-18
Suppose -2*z = 2*j - 10, -j - 8 - 7 = -4*z. Let v(y) be the third derivative of -3*y**5/10 + y**4/24 - 5*y**2. Give v(j).
-17
Let t(d) = 7*d**2 + 3*d - 2. Let q(j) = 3*j**2 + j - 1. Let h(n) = 5*q(n) - 2*t(n). Let b = -87 - -90. Calculate h(b).
5
Let c = -7 - -10. Suppose -t + 2 = k, 4*t - 30 = c*k - 1. Let l(d) = -6 + 9 - t*d + 4*d. Determine l(0).
3
Let q(t) = t**3 + 9*t**2 + 12*t + 28. Let h be q(-8). Let x(z) = 5*z + 1. Calculate x(h).
-19
Let n(i) = 243 + 247 - 495 - 2*i + i - 5*i. Give n(-4).
19
Let w(f) = -f**3 - 10*f**2 - 17*f - 14. Let c be w(-8). Let x(o) be the second derivative of o**4/12 + 2*o**3/3 - 2*o**2 + 3*o. What is x(c)?
8
Let t(j) = -4*j - 6. Suppose -2*x = -5*a + 3*x - 5, x + 5 = 3*a. Suppose 5*g + n = -a*n - 8, -3*g + 2 = -n. Suppose 5*c = -g*c - 20. Determine t(c).
10
Let u(l) = l**2 + 9*l - 13. Let s be u(-10). Let t(o) = 5 - 30*o + 56*o - 4 - 23*o. Let h(a) = -3*a - 2. Let b(z) = s*t(z) - 4*h(z). Determine b(-4).
-7
Let l(o) be the second derivative of 0 - 5/2*o**2 - 1/3*o**3 - 2*o. Calculate l(5).
-15
Let w(m) = -7145*m**2 + 3567*m**2 + 3 - 6*m + 3576*m**2. Determine w(-5).
-17
Let r(m) = -m**2 + 5*m - 2. Suppose d - 5 = 2*k - 13, -4*d + 28 = 2*k. Calculate r(k).
-8
Let b(s) be the third derivative of -s**4/6 + s**3/6 - 9*s**2 - 5*s. Suppose -w - 4 = -3*w. Give b(w).
-7
Suppose 0 = 3*j - 4*j + 5*g, -19 = -4*j + g. Let p(k) = -k**2 - j*k + 5 - 4 - 3. Give p(-2).
4
Suppose -2*l - l - 5*s - 19 = 0, 8 = -4*s. Let f be ((-5)/(-15))/((-1)/(-9)). Let v(m) = 1 + 3*m + m**2 + 0*m**2 - f. Determine v(l).
-2
Let v(n) = 185*n - n**2 - 183*n - 3 + 5*n**2 - n**3. What is v(5)?
-18
Let r(b) = -19*b**2 + 3*b + 5. Let g(u) = -22*u**2 + 4*u + 6. Let y(j) = -6*g(j) + 7*r(j). Calculate y(-1).
1
Let d(z) = -z**2 - 19*z - 9. Let r be d(-14). Let h = r - 19. Suppose h = 8*u - u. Let a(n) = -2*n + 5. Determine a(u).
-7
Let b(l) = -l**2 - 9*l - 9. Suppose 2*q = 7*q + 90. Suppose 0*n = -3*n - 33. Let r = q - n. Calculate b(r).
5
Suppose 2*g = 40 - 34. Suppose 4*w = -0*w. Let j(r) = g*r + 4 + w - 8*r + r**2 - 2*r. What is j(7)?
4
Suppose 5*h - 3*x - 15 = 0, 3*x = -4*h + 4*x + 12. Let a(u) = u**3 - 4*u**2 + u + 2. Determine a(h).
-4
Let c be 3/(-3)*2 - (-26 - 3). Let q(h) = h - 24. Determine q(c).
3
Let s(w) = 14*w**2 + w + 1. Let z be s(-1). Suppose 0 = -d, 4*n - d + 2 = z. Let p(v) = 13*v**3 - n + 16*v - 14*v + 2. Calculate p(1).
14
Suppose -7*n = -5*n + 552. Let o be -3 + (-58)/(-18) + n/27. Let f(p) = p**3 + 10*p**2 - p - 10. Calculate f(o).
0
Let b(n) = 8*n + 19. Let x(a) = -7*a - 18. Let l(d) = 6*b(d) + 7*x(d). Calculate l(-7).
-5
Let d(t) = 14*t + 96. Let u(c) = 3*c + 22. Let a(k) = -2*d(k) + 9*u(k). What is a(-6)?
12
Suppose 3*i = 2*i + 5. Let y(g) = 7*g**3 - 4*g**2 + g - 1. Let w(v) = v**3 + v - 1. Let r(m) = -6*w(m) + y(m). Give r(i).
5
Let y(n) = -2*n + 1. Let w be y(-1). Suppose 0 = 20*v + 9*v. Let j(z) = -6*z - 2*z + w*z - z**2 + v*z - 3. What is j(-4)?
1
Let s be 20/8*1*-2. Let t(g) be the second derivative of -g**5/20 - g**4/3 + g**3/3 - 5*g**2/2 - 10*g. Calculate t(s).
10
Let s = 288 + -284. Let l(q) = q - 2. Determine l(s).
2
Suppose p + 3*y - 5 = 0, 5*p + 31 = p + 5*y. Let z(w) = w**3 + 6*w - 4*w - 2 - 4*w + 4*w**2 + 5. Calculate z(p).
11
Let s(u) = u**2 - 18*u - 32. Let f be (-94 + 100)/(3/10). Calculate s(f).
8
Let y(g) = 1 - g + 0*g + 6*g. Let j be -6 - (0 + (10 - 14)). What is y(j)?
-9
Suppose 2*z - 25*z + 92 = 0. Let c(p) = -2*p**2 + 6*p. Calculate c(z).
-8
Let b(d) be the third derivative of -d**5/60 + 2*d**4/3 - 8*d**3/3 - 217*d**2. What is b(15)?
-1
Suppose 2*n + 8 = -0*n. Let i(f) be the second derivative of -f**2 + 5/6*f**3 + 1/6*f**4 + 0 - f. Calculate i(n).
10
Let k(w) be the first derivative of -w**3/3 - 3*w**2 - 2*w - 147. Calculate k(-4).
6
Suppose -5*y + 29 + 21 = 0. Let j(q) = -q**3 + 10*q**2 - 7. Give j(y).
-7
Let h = 2 - 11. Let g be 12/h*(-18)/4. Let c(k) = 17*k + 2 - g - 4*k**2 - 18*k - k**3. Calculate c(-4).
0
Suppose -2*i = 4*i. Let f(h) = -4*h + 3. Calculate f(i).
3
Let s(a) = a**2 - a - 4. Let p be s(0). Let i(d) be the first derivative of d**4/4 + d**3 - d**2 + 5*d - 8. Calculate i(p).
-3
Let x(u) = 5*u**3 + 2*u**2 + 2*u + 2. Let g be (4/(-14))/(34/(-119)) + -3. Calculate x(g).
-34
Let c be 1/(-2) - (-18)/(-4). Let y(o) be the first derivative of -7*o - 3*o**2 + 2*o**2 + 11*o - 6. Calculate y(c).
14
Let c(l) = 17*l + 1. Let f be c(1). Let j = -12 + f. Suppose d - 2*d = -j. Let k(w) = -w**2 + 5*w + 2. Calculate k(d).
-4
Let r(t) be the second derivative of t**3/3 + 2*t**2 + 49*t. Let z be 0 - -3 - (-2 + 1). Let a be ((-2)/z)/((-4)/(-48)). Give r(a).
-8
Let w = 128/5 + -767/30. Let z(b) be the third derivative of -1/6*b**3 + 0*b - 6*b**2 + 0*b**4 + 0 + w*b**5. Calculate z(-2).
7
Suppose 2*a + 5*s + 21 = 0, -29 = a - 3*a + 5*s. Let p(b) = -9*b**2 + 4*b**2 + 7*b**a. Let j(l) = l**2 + 4*l + 2. Let u be j(0). Calculate p(u).
8
Let k(d) be the second derivative of -d**5/20 - d**4/2 - d**3 - 2*d**2 + 4*d. Suppose 0 = 2*i + i + 12. What is k(i)?
-12
Let g(v) = v**3 + v**2 - v + 2. Suppose -5*z + 11 = -9. Let l = -36 + 38. Let w be (-40)/(-16) - l/z. Give g(w).
12
Let t = 2735/2298 + -9/383. Let b(o) be the third derivative of -1/24*o**4 - 3*o**2 + 0*o - t*o**3 + 0. What is b(-6)?
-1
Let l(v) be the first derivative of -v**2/2 + 3*v - 775. What is l(-3)?
6
Let o(f) be the third derivative of 0 + 1/12*f**4 + 11*f**2 + 5/6*f**3 + 0*f. Let y = 15 + -21. Calculate o(y).
-7
Let d(m) = m + 4. Let z be (5 - (0 - 4/2)) + -3. Calculate d(z).
8
Let m be ((-8)/2 - -4) + 0. Suppose m = i + i - 4. Let n(j) = -6 - j - 2*j**3 - j**i + 3 - 1 + 3. Determine n(-1).
1
Suppose -y - 238 = -3*y - 3*g, -2*y + 270 = -5*g. Let r(w) = -y + w + 125. Calculate r(1).
1
Suppose 6*z - 2*z + 40 = 4*d, d - 5*z = 26. Let l be (-5 + 5/(-2))*(-4)/d. Let p(q) = 2*q - 5. Give p(l).
5
Let z(o) = -o**3 - 5*o**2 + 4*o + 5. Suppose -4*w + 82 + 38 = 0. Suppose 6*n - n + w = 0. Calculate z(n).
17
Let m(d) = d**2 + 5*d + 6. Let f(b) = -b**2 - 4*b - 7. Let w(h) = -3*f(h) - 4*m(h). Let z = 12 - 20. Determine w(z).
-3
Let p = -41 + 41. Let n(b) = p*b + 2 + b + 0*b - 5. Calculate n(5).
2
Let y be (2/4 - -1)*2. Suppose y*r = 5*r. Let a(l) = 11 - l**3 + l**2 - l + 4*l**3 - 3 - 2*l**3. Give a(r).
8
Let k(q) = -q + 1. Suppose -3*v - 2*w + 78 = 0, w = -3*v - 0*w + 78. Let u be 4/v - 168/78. Let y be u/(4 + 54/(-15)). What is k(y)?
6
Suppose -o + 10 = o. Suppose -2*d - 6 = -o*d. Let r(q) = -d*q - 3*q - 4 + 3*q. Calculate r(-5).
6
Let w = 3 + -8. Suppose -2*a = -5*a - c + 1, -4*c = 8. Let s(j) = -j**2 - j**3 - 7*j**2 + 3*j**2 + a. What is s(w)?
1
Let o(t) = t**2 - 6*t - 4. Let a = 1448 - 1441. Give o(a).
3
Let k = -178 - -173. Let z be 8 - (-2)/(-1*2). Let y(h) = 3 + h**3 + 6*h + h - h**2 + z*h**2. Determine y(k).
-7
Let m(r) be the first derivative of -3 - 5*r - 1/2*r**2. Let u = -50 - -43. Give m(u).
2
Let g(n) = 6*n - n + 5*n - 7*n + n - 10. Give g(8).
22
Let h(a) = -6*a**2 + a. Let r(g) = g - 11. Let p be r(12). What is h(p)?
-5
Let d(n) be the second derivative of -2*n + 1/120*n**5 + 1/12*n**4 + 1/80*n**6 + 0*n**3 + 0*n**2 + 0. Let i(s) be the third derivative of d(s). What is i(-1)?
-8
Let j(d) = 10*d**2 - 28*d - 14. Let i(u) = -2*u**2 + 3*u. Let t(y) = 6*i(y) + j(y). Calculate t(-4).
-6
Let s(c) = 69*c**2 - 4 + 0*c - 74*c**2 - c**3 - 3*c. What is s(-4)?
-8
Let x(c) = -8*c**3 - 2*c**2 - 5*c + 7. Let s(q) = -23*q**3 - 7*q**2 - 14*q + 19. Let v(t) = 6*s(t) - 17*x(t). Give v(-4).
-9
Let i(j) be the first derivative of -7*j + 10 + 2*j**2 - 3*j**2 + 0*j**2 - 2. Calculate i(-5).
3
Let y(w) = -40*w + 14*w + 25*w - 3. Give y(3).
-6
Let j(q) = 2*q**2 + 2*q - 1. Let o be -3 - (-87 + 6/2) - -2. Let i = o - 81. Determine j(i).
11
Let m(j) = 204*j - 406*j + 1 + 203*j. Determine m(-7).
-6
Let d(y) = y**3 - 6*y**2 + 2*y + 6. Let s(w) = w**2 + 17*w - 12. Let g be s(-18). What is d(g)?
18
Let t(f) = -3*f + 7. Let k(v) = -2*v + 7. Let m(w) = -2*k(w) + t(w). Suppose 3*b - 3*i - 15 = 0, 2 = 5*b - i - 3. Let z be (5 + -2)/(1 - b). What is m(z)?
-4
Let g(v) = 3*v**2 + v - 4. Let d be (-6)/9 + (-220)/66. Give g(d).
40
Let c(a) = -5*a**2 + 2 - a + 0*a**3 + 1 - a**3 - 7. Suppose 8 + 17 = 5*u. Let q(x) = 2*x**3 + 10*x**2 + x + 8. L